e
Does 387 divide 190151676?
True
Does 1276 divide 227475072?
True
Is 2645742756 a multiple of 244?
False
Is 35852267 a multiple of 31?
False
Does 2909 divide 48388306?
True
Does 123 divide 4097868?
True
Does 9906 divide 1242559110?
True
Is 429 a factor of 325882224?
False
Is 34296251 a multiple of 954?
False
Is 615410132 a multiple of 5882?
True
Is 596 a factor of 2692937484?
False
Is 1189 a factor of 239971114?
True
Is 675770947 a multiple of 727?
False
Is 24 a factor of 354068123?
False
Is 1041414519 a multiple of 109?
False
Is 4750065772 a multiple of 314?
True
Is 29 a factor of 122276209?
True
Is 577494693 a multiple of 194?
False
Is 3554 a factor of 84709413?
False
Does 1718 divide 130224400?
True
Is 1253 a factor of 34889586?
False
Is 2048 a factor of 198553509?
False
Does 133 divide 2054275839?
True
Does 311 divide 81776963?
False
Does 48 divide 14305728?
True
Is 4 a factor of 404117708?
True
Is 2954 a factor of 505098898?
False
Does 9 divide 257054958?
True
Does 16 divide 460820592?
True
Is 56533344 a multiple of 24?
True
Is 62587512 a multiple of 468?
True
Is 1486 a factor of 85884856?
True
Does 9 divide 2226101110?
False
Does 4070 divide 344469081?
False
Is 5027 a factor of 1202818113?
False
Is 17868030 a multiple of 5?
True
Does 21 divide 185849478?
False
Is 2155 a factor of 2849992?
False
Is 32373049 a multiple of 1738?
False
Is 2745470 a multiple of 14?
True
Does 260 divide 3780365912?
False
Is 6 a factor of 19782336?
True
Is 31422232 a multiple of 32?
False
Does 953 divide 275669380?
False
Is 750080732 a multiple of 1697?
False
Does 21 divide 27723087?
True
Is 42 a factor of 1489572?
True
Does 24 divide 40171746?
False
Is 1392075741 a multiple of 49?
True
Is 33371558 a multiple of 121?
True
Does 245 divide 11329290?
True
Is 96 a factor of 592760160?
True
Is 3450 a factor of 36270092?
False
Is 5 a factor of 193104366?
False
Does 12700 divide 1075204906?
False
Is 7 a factor of 435211422?
False
Is 472913966 a multiple of 2167?
False
Is 192261628 a multiple of 1950?
False
Is 759 a factor of 1862151630?
False
Is 73 a factor of 19584586?
True
Does 1747 divide 112429160?
False
Is 120254045 a multiple of 239?
True
Is 17915510 a multiple of 1905?
False
Is 2 a factor of 45939395?
False
Is 13089648 a multiple of 208?
True
Does 1683 divide 795352140?
True
Is 786 a factor of 29401902?
True
Is 118 a factor of 2015204?
True
Is 86852145 a multiple of 22?
False
Is 2737980 a multiple of 35?
True
Is 507 a factor of 109984243?
False
Is 133 a factor of 19458890?
False
Is 58 a factor of 28551868?
False
Is 464 a factor of 85971776?
True
Does 80 divide 22417840?
True
Is 511 a factor of 148941702?
False
Is 16389825 a multiple of 65?
False
Is 59789671 a multiple of 748?
False
Is 8 a factor of 953086440?
True
Is 641 a factor of 24914388?
True
Is 3064792644 a multiple of 12?
True
Is 344543004 a multiple of 2249?
False
Does 1328 divide 618432336?
True
Is 203 a factor of 55767754?
True
Does 12 divide 862130496?
True
Is 461 a factor of 721208223?
True
Does 24 divide 20735912?
False
Does 44 divide 30376808?
True
Is 316 a factor of 15270794?
False
Is 18 a factor of 8060940?
True
Is 14082120 a multiple of 234?
True
Is 16 a factor of 683716528?
True
Is 36886822 a multiple of 919?
True
Does 643 divide 9378798?
True
Is 37656318 a multiple of 260?
False
Is 2161991678 a multiple of 2134?
True
Does 66 divide 28831110?
True
Is 140 a factor of 9166920?
True
Is 1037781616 a multiple of 8?
True
Is 34 a factor of 479740159?
False
Is 5263756 a multiple of 2462?
True
Is 122925271 a multiple of 49?
True
Is 12 a factor of 28530936?
True
Is 356 a factor of 479999072?
True
Is 16854170 a multiple of 408?
False
Does 928 divide 2805128678?
False
Does 32 divide 123812220?
False
Is 391 a factor of 44632650?
True
Does 784 divide 505713712?
True
Is 135399370 a multiple of 4078?
False
Is 17 a factor of 3290408?
False
Is 95259 a multiple of 4?
False
Is 98499994 a multiple of 2720?
False
Is 640 a factor of 94167680?
True
Is 6 a factor of 46515742?
False
Is 580442863 a multiple of 3?
False
Is 19 a factor of 28118803?
True
Is 10 a factor of 21017495?
False
Does 17 divide 6947883?
True
Is 6839696 a multiple of 4?
True
Is 57 a factor of 166385280?
True
Is 24 a factor of 5506119857?
False
Is 233 a factor of 33159628?
True
Is 68365324 a multiple of 237?
False
Is 1613232410 a multiple of 151?
False
Does 38 divide 118986740?
True
Is 796 a factor of 65322944?
True
Is 4 a factor of 61841584?
True
Is 38 a factor of 182351816?
True
Does 14 divide 1731793?
False
Does 33 divide 26388813?
True
Is 125 a factor of 36548875?
True
Is 60 a factor of 8870047?
False
Is 778 a factor of 36033264?
False
Does 58 divide 823344241?
False
Does 79 divide 18792252?
False
Does 44 divide 870897896?
True
Does 2637 divide 1272161764?
False
Is 2614966574 a multiple of 3769?
False
Does 276 divide 212648921?
False
Does 104 divide 34576145?
False
Is 30672782 a multiple of 3346?
True
Is 23 a factor of 120325746?
False
Is 263 a factor of 25266580?
False
Is 185905691 a multiple of 423?
False
Does 1593 divide 210042532?
False
Is 130 a factor of 6208540?
True
Is 59 a factor of 134510315?
False
Is 978434746 a multiple of 25?
False
Is 745569402 a multiple of 1788?
False
Does 1527 divide 486710390?
False
Is 326811504 a multiple of 1992?
True
Is 32 a factor of 1307005376?
True
Does 699 divide 127308171?
True
Is 16 a factor of 473294208?
True
Is 2166 a factor of 191001973?
False
Is 37967038 a multiple of 461?
True
Is 9597888 a multiple of 144?
True
Is 1629 a factor of 47674314?
True
Does 25 divide 2984449900?
True
Does 346 divide 76627202?
False
Is 1191510 a multiple of 9?
True
Is 184 a factor of 13178243?
False
Does 255 divide 2139789648?
False
Is 5 a factor of 290563651?
False
Does 365 divide 621160496?
False
Is 43754756 a multiple of 17?
False
Is 19698237 a multiple of 39?
True
Does 13 divide 121423309?
False
Is 40307448 a multiple of 34?
False
Is 74 a factor of 1353997592?
False
Does 24 divide 184033785?
False
Is 7966 a factor of 1265143093?
False
Does 886 divide 960298188?
True
Is 2631 a factor of 25828527?
True
Is 59453052 a multiple of 1087?
False
Is 6 a factor of 664100959?
False
Is 5 a factor of 17366063?
False
Is 417892832 a multiple of 112?
True
Is 2187579892 a multiple of 11078?
False
Is 11906950 a multiple of 550?
True
Is 373082025 a multiple of 196?
False
Is 479563250 a multiple of 796?
False
Is 983 a factor of 22393735?
False
Does 129 divide 216525869?
False
Is 12 a factor of 14581342?
False
Does 15 divide 82530645?
True
Is 40 a factor of 116595360?
True
Is 31135624 a multiple of 4?
True
Is 775 a factor of 412002543?
False
Is 21689004 a multiple of 834?
True
Is 12 a factor of 740188848?
True
Is 403 a factor of 202724717?
True
Does 725 divide 1399975?
True
Is 326 a factor of 89872207?
False
Does 12 divide 215866020?
True
Is 202079777 a multiple of 179?
False
Is 1893 a factor of 279075885?
False
Is 38 a factor of 1386700357?
False
Is 279 a factor of 219616078?
False
Is 213003393 a multiple of 5?
False
Is 63626380 a multiple of 113?
False
Is 1379 a factor of 227321631?
False
Is 12 a factor of 45535584?
True
Is 361808735 a multiple of 19?
True
Is 631 a factor of 1996016429?
True
Is 124 a factor of 129693336?
True
Is 20 a factor of 1608000?
True
Does 2142 divide 2249366232?
False
Does 57 divide 875133453?
False
Is 2 a factor of 269331832?
True
Is 2864809891 a multiple of 7848?
False
Is 167824064 a multiple of 3332?
False
Is 10 a factor of 1906612?
False
Does 8 divide 1981170?
False
Is 594549057 a multiple of 1047?
False
Is 104805558 a multiple of 741?
True
Does 201 divide 28534362?
True
Is 93 a factor of 4519317567?
False
Is 7 a factor of 1358532?
True
Does 412 divide 1109506936?
True
Is 146 a factor of 707151292?
True
Is 218 a factor of 35003606?
True
Is 1461316170 a multiple of 1146?
True
Is 31 a factor of 57272552?
False
Does 112 divide 632623841?
False
Does 90 divide 29562390?
True
Does 35 divide 613690?
True
Is 1404 a factor of 545204088?
True
Is 81920436 a multiple of 52?
True
Is 6435 a factor of 3440080215?
True
Is 3411815 a multiple of 7?
False
Does 11 divide 570231266?
True
Is 157 a factor of 2836991595?
False
Is 190692572 a multiple of 14?
True
Is 5457 a factor of 2673411585?
True
Is 478 a factor of 42559725?
Fa